{"id":860,"date":"2011-05-12T10:47:24","date_gmt":"2011-05-12T09:47:24","guid":{"rendered":"http:\/\/www.sindacatodellefamiglie.org\/?page_id=860"},"modified":"2014-04-04T13:31:06","modified_gmt":"2014-04-04T12:31:06","slug":"reggio-emilia","status":"publish","type":"page","link":"http:\/\/www.sindacatodellefamiglie.org\/index.php\/sedi\/sedi\/reggio-emilia\/","title":{"rendered":"REGGIO EMILIA"},"content":{"rendered":"<p>Il Sidef collabora con le associazioni di Reggio Emilia all&#8217;organizzazione e proposta dell&#8217;incontro<\/p>\n<p><strong>IL\u00a0BAMBINO\u00a0INGANNATO<\/strong><br \/>\n(quando politica e societ\u00e0 diventano il lupo cattivo)<\/p>\n<p>Venerd\u00ec 11 aprile 2014, ore 21<br \/>\nTeatro Sant\u2019Agostino &#8211; Reggio Emilia<\/p>\n<p>per saperne di pi\u00f9 cliccate qui per vedere la locandina<\/p>\n<p>&nbsp;<\/p>\n<p>&nbsp;<\/p>\n<p>Nell\u2019ambito dell\u2019annuale <a href=\"http:\/\/www.diocesi.re.it\/pls\/reggioemilia\/v3_s2ew_consultazione.mostra_pagina?id_pagina=23923\">Festincontro<\/a> organizzata dall\u2019Azione Cattolica reggiana,<\/p>\n<p>il Sidef e le associazioni del forum provinciale organizzano e promuovono l&#8217;incontro<\/p>\n<p style=\"text-align: center;\"><strong style=\"font-size: 13px;\">domenica 19 giugno, <\/strong><span style=\"font-size: 13px;\">alle 17.30, presso il \u201cParco Cervi\u201d la tavola rotonda sul tema<\/span><\/p>\n<p><strong><span style=\"color: #0000ff;\">\u201dFamiglia: un bene per la citt\u00e0\u201d,<\/span> <\/strong><\/p>\n<p>con interventi di Roberto Bolzonaro, vice presidente, Forum nazionale, Gianni Borghi, Presidente \u201cFondazione Pietro Manodori\u201d, MariaCristina Gherpelli, imprenditrice, Marino Zani, presidente provinciale Coldiretti e Consorzi di bonifica.<\/p>\n<p>Si tratter\u00e0 di fisco a livello locale, conciliazione tempi del lavoro e tempi della famiglia, rapporto famiglia-impresa, politiche creditizie. La tavola rotonda sar\u00e0 coordinata da Edoardo Tincani, direttore del settimanale diocesano \u201cLa Libert\u00e0\u201d.<\/p>\n<p>Tutta la giornata di domenica avr\u00e0 come tema la famiglia a cominciare dalla messa alle ore 11 presso la vicina chiesa di S.Agostino, per proseguire con il pranzo, nel pomeriggio giochi per i bimbi. Il Sidef sar\u00e0 presente anche nello stand dedicato alle associazioni forum.<\/p>\n<p>***\u00a0\u00a0\u00a0\u00a0\u00a0\u00a0\u00a0\u00a0\u00a0\u00a0\u00a0\u00a0\u00a0\u00a0\u00a0\u00a0\u00a0 \u00a0\u00a0 \u00a0\u00a0\u00a0\u00a0\u00a0\u00a0\u00a0 ***\u00a0\u00a0\u00a0\u00a0\u00a0\u00a0\u00a0\u00a0\u00a0\u00a0\u00a0\u00a0\u00a0\u00a0\u00a0\u00a0\u00a0\u00a0\u00a0\u00a0\u00a0\u00a0\u00a0\u00a0\u00a0\u00a0\u00a0\u00a0\u00a0\u00a0\u00a0 ***<\/p>\n<p>Il SideF di Reggio Emilia partecipa all&#8217;evento<\/p>\n<p><a href=\"http:\/\/www.sindacatodellefamiglie.org\/index.php\/calendario\/feste-cittadine\/\">Bambini in festa. La vita \u00e8 la pi\u00f9 grande delle avventure!<\/a><\/p>\n<p>dal 3 al 5 giugno<\/p>\n<p><span style=\"color: #ff0000;\"><strong><em>Consulta comunale per la famiglia.<\/em><\/strong><\/span><\/p>\n<p><strong><em> Il primo passo.<\/em><\/strong><\/p>\n<p>Nel \u00a0consiglio comunale del 22 marzo \u00a0\u00e8 stato approvato all\u2019unanimit\u00e0 l\u2019odg che impegna la Giunta a istituire <strong>la consulta<\/strong>, a partire dall\u2019audizione delle associazioni che gi\u00e0 operano nell\u2019ambito della famiglia.. Molte associazioni,\u00a0 il forum di Reggio e negli ultimi mesi autorevolmente anche il Vescovo Adriano hanno richiesto a pi\u00f9 riprese \u00a0la realizzazione di una consulta intesa come strumento di confronto non episodico tra societ\u00e0 civile, associazioni e realt\u00e0 amministrativa.<\/p>\n<p>Con quale finalit\u00e0? Porre al centro \u00a0delle scelte del Comune la famiglia, i suoi bisogni e le sue risorse, in un momento certo non facile sia dal punto di vista culturale che economico.<\/p>\n<p>Ora un primo passo \u00e8 stato fatto, anche se si tratta di comprendere \u00a0come si delineer\u00e0 l\u2019iter per la realizzazione concreta della consulta. Certo qualche\u00a0 riflessione\u00a0 sembra necessaria soprattutto perch\u00e9 le associazioni che aderiscono al coordinamento del Forum provinciale hanno avanzato da sempre \u00a0proposte significative .<\/p>\n<p>Anche per quanto riguarda il sidef\u00a0 la consulta potr\u00e0 essere efficace se costituir\u00e0 un punto di ascolto e di interlocuzione con <strong>le associazioni presenti sul territorio e del privato sociale<\/strong> che\u00a0 operano a pi\u00f9 stretto contatto con le famiglie e \u00a0ne rappresentano\u00a0 istanze concrete. D\u2019altra parte occorre \u00a0la volont\u00e0 dell\u2019amministrazione di attribuire un peso reale al nuovo strumento di confronto, perch\u00e9 non rimanga solo una buona intenzione o un provvedimento formale.<\/p>\n<p>Saranno necessarie scelte\u00a0 capaci di\u00a0 <strong>promuovere la famiglia stabile<\/strong>, che\u00a0 si assume responsabilit\u00e0 pubbliche , attraverso \u00a0interventi\u00a0 culturali ed economici , in grado di riconoscere\u00a0 il valore sociale dell\u2019esperienza famigliare.<\/p>\n<p>Le politiche di sostegno alle famiglie \u00a0con figli devono tenere conto sempre di pi\u00f9 dei carichi famigliari nell\u2019accesso ai servizi\u00a0 erogati dalle amministrazioni locali, per realizzare <strong>una maggiore equit\u00e0 fiscale<\/strong><\/p>\n<p>L\u2019ter di definizione della consulta nella sua fisionomia e nei suoi compiti diventa quindi fondamentale nei mesi a venire se\u00a0 si ha la volont\u00e0 \u00a0di attivare uno strumento \u00a0utile , capace di una reale funzione propositiva.<\/p>\n<p>Stefania Di Raimo<\/p>\n<p>Sindacato delle famiglie Reggio Emilia<\/p>\n<p>RE 30 marzo 2011<\/p>\n<p>Sempre la presidente del Sidef Reggio Emilia \u00e8 tornata sull&#8217;argomento consulta, in veste di membro del Forum provinciale delle Associazioni Familiari<\/p>\n<p><strong><span style=\"color: #000000;\">COMUNICATO STAMPA<br \/>\n<\/span><\/strong><\/p>\n<p>Il forum provinciale delle associazioni famigliari esprime soddisfazione per il pronunciamento pubblico del sindaco Delrio in merito all\u2019istituzione della consulta comunale delle associazioni famigliari anche a Reggio Emilia. Nell\u2019intervento odierno\u00a0 su alcuni quotidiani locali i l Sindaco, rispondendo alla sollecitazione di alcune associazioni, ha affermato infatti che rispetter\u00e0 gli impegni presi.<\/p>\n<p>Gi\u00e0 in occasione del decennale del forum tenutosi a s.Ilario a fine ottobre Delrio aveva\u00a0 riconosciuto il ruolo e la funzione dell\u2019associazionismo per passare dalla difesa\u00a0 dei soli diritti individuali al sostegno dei diritti delle formazioni sociali, sostenendo che la battaglia a favore della famiglia \u00e8 una battaglia per un valore comunitario.e aveva\u00a0 espresso\u00a0 \u00a0il suo parere favorevole rispetto alla consulta, recepita come un\u2019operazione di collegamento tra la politica e i cittadini.<\/p>\n<p>In sede di discussione di bilancio la consulta diventer\u00e0 non pi\u00f9 solo una promessa ma un dato d fatto e questo costituir\u00e0 per le associazioni del forum \u00a0\u00a0motivo di soddisfazione, in considerazione del fatto che la consulta \u00e8 stata richiesta dal forum gi\u00e0 al momento della sua costituzione , 10 anni fa , e pi\u00f9 volte ripresentata come strumento \u00a0importante di confronto in diversi momenti pubblici, anche in occasione delle tornate elettorali..<\/p>\n<p>Come cartello di associazioni ci dichiariamo da subito disponibili a collaborare perch\u00e9 la consulta nasca come strumento vivo di interlocuzione fra l\u2019associazionismo e amministrazione, perch\u00e9 sia l\u2019occasione di rivalutare le politiche e gli interventi culturali a favore della famiglia in modo sempre pi\u00f9 efficace e rispondente alla difficile situazione attuale. Valutiamo anche molto positivamente l\u2019adesione del Comune di Reggio al network di citt\u00e0 amiche della famiglia, costituitosi nel maggio scorso, perch\u00e9 un ulteriore\u00a0 confronto sulle buone pratiche e sulle politiche tese al sostegno della famiglia \u00a0diventi una ricchezza e una risorsa ulteriore per la nostra realt\u00e0 locale.<\/p>\n<p>Stefania Di Raimo (Sidef)<\/p>\n<p>per il\u00a0 Forum\u00a0 Associazioni famigliari Reggio Emilia<\/p>\n<p>31 gennaio 2011<\/p>\n<p><span style=\"color: #ff0000;\">Qualche passo indietro per capirne un po&#8217; di pi\u00f9&#8230; <\/span><\/p>\n<p>al settimanale cattolico La Libert\u00e0, in fase di campagna elettorale, il SIndaco Delrio ha risposto alla seguente domanda<\/p>\n<p>Quale spazio intende riconoscere alla famiglia nel modello di sviluppo della citt\u00e0, sotto il profilo dei servizi alla persona: l\u2019organizzazione dei tempi di lavoro e di festa (v. legge dei congedi parentali, art. 14), l\u2019abitare la citt\u00e0, il rapporto casa-scuola-lavoro? Intende istituire la Consulta familiare comunale, prevista dalla legge, in cui siano rappresentate le associazioni familiari (ad es. Forum delle associazioni familiari, Sindacato delle Famiglie, Associazione nazionale famiglie numerose&#8230;)? Ritiene di istituire un Assessorato alla Famiglia?<\/p>\n<p>in questo modo:<\/p>\n<p>La famiglia \u2013 che porta con s\u00e8 risorse e anche fragilit\u00e0, e che \u00e8 elemento primo di coesione della comunit\u00e0 &#8211; \u00e8 al centro della nostra programmazione: i nostri servizi, dai nidi ai Get, all\u2019assistenza domiciliare, vengono plasmati insieme alle famiglie. Le famiglie hanno bisogno di tempo e di luoghi: per ritrovarsi, per confrontarsi, per trascorrere il tempo libero. Sulla <span style=\"color: black;\">conciliazione degli orari e degli spostamenti casa-lavoro e casa-scuola<\/span> s<span style=\"color: black;\">tiamo lavorando con risultati incoraggianti, attraverso la Consulta e il Piano appositi: varie importanti istituzioni e aziende hanno intrapreso con noi questo cammino, che svilupperemo. Sul rispetto delle festivit\u00e0 religiose e civili siamo inflessibili rispetto alle richieste di apertura commerciale. Quanto ai luoghi, va diffusa la qualit\u00e0 urbana e l\u2019identit\u00e0 riconquistata in centro per mettere a disposizione piazze e parchi agevoli e belli nelle frazioni. In tema di famiglie numerose abbiamo gi\u00e0 introdotto, il diritto a un\u2019ulteriore agevolazione di 1.200 euro all\u2019anno sotto forma di detrazione Irpef e tariffe agevolate per il servizio idrico. Per i servizi prescolari abbiamo attivato 11 fasce Isee, che tengono conto anche del numero di figli. Interverremo nella logica della Family card. I poli e l\u2019Osservatorio fungono da luogo di monitoraggio dei bisogni delle famiglie, ma potr\u00e0 essere utile <\/span>una Consulta comunale della famiglia alla quale parteciperanno le associazioni, con funzioni consultive e propositive. In questi anni, come sindaco ho coordinato direttamente le politiche per la famiglia, che debbono essere trasversali a tutti i servizi, per questo non ritengo strategico un assessorato apposito.<\/p>\n<p>lo scorso ottobre a Sant&#8217;Ilario, in occasione del decennale del Forum,\u00a0 il sindaco \u00e8 stato intervistato dal Giornale di Reggio sempre su questo tema e ha risposto cos\u00ec:<\/p>\n<p>Credo che in giunta ci sia una sensibilit\u00e0 sufficiente per capire l\u2019importanza della famiglia. Sulla consulta mi trovo favorevole, la vedo come un\u2019operazione di collegamento tra la politica e i cittadini. Credo che questa maggioranza sia poco ideologica e si preoccupi di risolvere i problemi tanto per i cassintegrati che per i bisogni delle famiglie. Abbiamo diversi provvedimenti che vanno nella stessa direzione (di Parma NdR). I fatti di Parma li seguo con interesse. E\u2019 chiaro che l\u2019approccio deve essere pragmatico e deve dare facilitazioni alle famiglie, ma anche il pubblico deve avere il suo ritorno, perch\u00e9 non dobbiamo fare politiche che siano soltanto assistenzialistiche. Se qualche cosa di buono e pragmatico dovesse arrivare anche da Parma imparer\u00f2 volentieri anche da loro.<\/p>\n<p>tratto dall&#8217;intervista di Andrea Zambrano sul Giornale di Reggio del 24 ottobre 2010<\/p>\n","protected":false},"excerpt":{"rendered":"<p>Il Sidef collabora con le associazioni di Reggio Emilia all&#8217;organizzazione e proposta dell&#8217;incontro IL\u00a0BAMBINO\u00a0INGANNATO (quando politica e societ\u00e0 diventano il lupo cattivo) Venerd\u00ec 11 aprile 2014, ore 21 Teatro Sant\u2019Agostino &#8211; Reggio Emilia per saperne di pi\u00f9 cliccate qui per vedere la locandina &nbsp; &nbsp; Nell\u2019ambito dell\u2019annuale Festincontro organizzata dall\u2019Azione Cattolica reggiana, il Sidef e [&hellip;]<\/p>\n","protected":false},"author":3,"featured_media":0,"parent":654,"menu_order":2,"comment_status":"closed","ping_status":"closed","template":"","meta":{"ngg_post_thumbnail":0},"aioseo_notices":[],"_links":{"self":[{"href":"http:\/\/www.sindacatodellefamiglie.org\/index.php\/wp-json\/wp\/v2\/pages\/860"}],"collection":[{"href":"http:\/\/www.sindacatodellefamiglie.org\/index.php\/wp-json\/wp\/v2\/pages"}],"about":[{"href":"http:\/\/www.sindacatodellefamiglie.org\/index.php\/wp-json\/wp\/v2\/types\/page"}],"author":[{"embeddable":true,"href":"http:\/\/www.sindacatodellefamiglie.org\/index.php\/wp-json\/wp\/v2\/users\/3"}],"replies":[{"embeddable":true,"href":"http:\/\/www.sindacatodellefamiglie.org\/index.php\/wp-json\/wp\/v2\/comments?post=860"}],"version-history":[{"count":10,"href":"http:\/\/www.sindacatodellefamiglie.org\/index.php\/wp-json\/wp\/v2\/pages\/860\/revisions"}],"predecessor-version":[{"id":862,"href":"http:\/\/www.sindacatodellefamiglie.org\/index.php\/wp-json\/wp\/v2\/pages\/860\/revisions\/862"}],"up":[{"embeddable":true,"href":"http:\/\/www.sindacatodellefamiglie.org\/index.php\/wp-json\/wp\/v2\/pages\/654"}],"wp:attachment":[{"href":"http:\/\/www.sindacatodellefamiglie.org\/index.php\/wp-json\/wp\/v2\/media?parent=860"}],"curies":[{"name":"wp","href":"https:\/\/api.w.org\/{rel}","templated":true}]}}

<p>Il Sidef collabora con le associazioni di Reggio Emilia all&#8217;organizzazione e proposta dell&#8217;incontro</p>
<p><strong>IL BAMBINO INGANNATO</strong><br />
(quando politica e società diventano il lupo cattivo)</p>
<p>Venerdì 11 aprile 2014, ore 21<br />
Teatro Sant’Agostino &#8211; Reggio Emilia</p>
<p>per saperne di più cliccate qui per vedere la locandina</p>
<p>&nbsp;</p>
<p>&nbsp;</p>
<p>Nell’ambito dell’annuale <a href="http://www.diocesi.re.it/pls/reggioemilia/v3_s2ew_consultazione.mostra_pagina?id_pagina=23923">Festincontro</a> organizzata dall’Azione Cattolica reggiana,</p>
<p>il Sidef e le associazioni del forum provinciale organizzano e promuovono l&#8217;incontro</p>
<p style="text-align: center;"><strong style="font-size: 13px;">domenica 19 giugno, </strong><span style="font-size: 13px;">alle 17.30, presso il “Parco Cervi” la tavola rotonda sul tema</span></p>
<p><strong><span style="color: #0000ff;">”Famiglia: un bene per la città”,</span> </strong></p>
<p>con interventi di Roberto Bolzonaro, vice presidente, Forum nazionale, Gianni Borghi, Presidente “Fondazione Pietro Manodori”, MariaCristina Gherpelli, imprenditrice, Marino Zani, presidente provinciale Coldiretti e Consorzi di bonifica.</p>
<p>Si tratterà di fisco a livello locale, conciliazione tempi del lavoro e tempi della famiglia, rapporto famiglia-impresa, politiche creditizie. La tavola rotonda sarà coordinata da Edoardo Tincani, direttore del settimanale diocesano “La Libertà”.</p>
<p>Tutta la giornata di domenica avrà come tema la famiglia a cominciare dalla messa alle ore 11 presso la vicina chiesa di S.Agostino, per proseguire con il pranzo, nel pomeriggio giochi per i bimbi. Il Sidef sarà presente anche nello stand dedicato alle associazioni forum.</p>
<p>***                             ***                                ***</p>
<p>Il SideF di Reggio Emilia partecipa all&#8217;evento</p>
<p><a href="http://www.sindacatodellefamiglie.org/index.php/calendario/feste-cittadine/">Bambini in festa. La vita è la più grande delle avventure!</a></p>
<p>dal 3 al 5 giugno</p>
<p><span style="color: #ff0000;"><strong><em>Consulta comunale per la famiglia.</em></strong></span></p>
<p><strong><em> Il primo passo.</em></strong></p>
<p>Nel  consiglio comunale del 22 marzo  è stato approvato all’unanimità l’odg che impegna la Giunta a istituire <strong>la consulta</strong>, a partire dall’audizione delle associazioni che già operano nell’ambito della famiglia.. Molte associazioni,  il forum di Reggio e negli ultimi mesi autorevolmente anche il Vescovo Adriano hanno richiesto a più riprese  la realizzazione di una consulta intesa come strumento di confronto non episodico tra società civile, associazioni e realtà amministrativa.</p>
<p>Con quale finalità? Porre al centro  delle scelte del Comune la famiglia, i suoi bisogni e le sue risorse, in un momento certo non facile sia dal punto di vista culturale che economico.</p>
<p>Ora un primo passo è stato fatto, anche se si tratta di comprendere  come si delineerà l’iter per la realizzazione concreta della consulta. Certo qualche  riflessione  sembra necessaria soprattutto perché le associazioni che aderiscono al coordinamento del Forum provinciale hanno avanzato da sempre  proposte significative .</p>
<p>Anche per quanto riguarda il sidef  la consulta potrà essere efficace se costituirà un punto di ascolto e di interlocuzione con <strong>le associazioni presenti sul territorio e del privato sociale</strong> che  operano a più stretto contatto con le famiglie e  ne rappresentano  istanze concrete. D’altra parte occorre  la volontà dell’amministrazione di attribuire un peso reale al nuovo strumento di confronto, perché non rimanga solo una buona intenzione o un provvedimento formale.</p>
<p>Saranno necessarie scelte  capaci di  <strong>promuovere la famiglia stabile</strong>, che  si assume responsabilità pubbliche , attraverso  interventi  culturali ed economici , in grado di riconoscere  il valore sociale dell’esperienza famigliare.</p>
<p>Le politiche di sostegno alle famiglie  con figli devono tenere conto sempre di più dei carichi famigliari nell’accesso ai servizi  erogati dalle amministrazioni locali, per realizzare <strong>una maggiore equità fiscale</strong></p>
<p>L’ter di definizione della consulta nella sua fisionomia e nei suoi compiti diventa quindi fondamentale nei mesi a venire se  si ha la volontà  di attivare uno strumento  utile , capace di una reale funzione propositiva.</p>
<p>Stefania Di Raimo</p>
<p>Sindacato delle famiglie Reggio Emilia</p>
<p>RE 30 marzo 2011</p>
<p>Sempre la presidente del Sidef Reggio Emilia è tornata sull&#8217;argomento consulta, in veste di membro del Forum provinciale delle Associazioni Familiari</p>
<p><strong><span style="color: #000000;">COMUNICATO STAMPA<br />
</span></strong></p>
<p>Il forum provinciale delle associazioni famigliari esprime soddisfazione per il pronunciamento pubblico del sindaco Delrio in merito all’istituzione della consulta comunale delle associazioni famigliari anche a Reggio Emilia. Nell’intervento odierno  su alcuni quotidiani locali i l Sindaco, rispondendo alla sollecitazione di alcune associazioni, ha affermato infatti che rispetterà gli impegni presi.</p>
<p>Già in occasione del decennale del forum tenutosi a s.Ilario a fine ottobre Delrio aveva  riconosciuto il ruolo e la funzione dell’associazionismo per passare dalla difesa  dei soli diritti individuali al sostegno dei diritti delle formazioni sociali, sostenendo che la battaglia a favore della famiglia è una battaglia per un valore comunitario.e aveva  espresso   il suo parere favorevole rispetto alla consulta, recepita come un’operazione di collegamento tra la politica e i cittadini.</p>
<p>In sede di discussione di bilancio la consulta diventerà non più solo una promessa ma un dato d fatto e questo costituirà per le associazioni del forum   motivo di soddisfazione, in considerazione del fatto che la consulta è stata richiesta dal forum già al momento della sua costituzione , 10 anni fa , e più volte ripresentata come strumento  importante di confronto in diversi momenti pubblici, anche in occasione delle tornate elettorali..</p>
<p>Come cartello di associazioni ci dichiariamo da subito disponibili a collaborare perché la consulta nasca come strumento vivo di interlocuzione fra l’associazionismo e amministrazione, perché sia l’occasione di rivalutare le politiche e gli interventi culturali a favore della famiglia in modo sempre più efficace e rispondente alla difficile situazione attuale. Valutiamo anche molto positivamente l’adesione del Comune di Reggio al network di città amiche della famiglia, costituitosi nel maggio scorso, perché un ulteriore  confronto sulle buone pratiche e sulle politiche tese al sostegno della famiglia  diventi una ricchezza e una risorsa ulteriore per la nostra realtà locale.</p>
<p>Stefania Di Raimo (Sidef)</p>
<p>per il  Forum  Associazioni famigliari Reggio Emilia</p>
<p>31 gennaio 2011</p>
<p><span style="color: #ff0000;">Qualche passo indietro per capirne un po&#8217; di più&#8230; </span></p>
<p>al settimanale cattolico La Libertà, in fase di campagna elettorale, il SIndaco Delrio ha risposto alla seguente domanda</p>
<p>Quale spazio intende riconoscere alla famiglia nel modello di sviluppo della città, sotto il profilo dei servizi alla persona: l’organizzazione dei tempi di lavoro e di festa (v. legge dei congedi parentali, art. 14), l’abitare la città, il rapporto casa-scuola-lavoro? Intende istituire la Consulta familiare comunale, prevista dalla legge, in cui siano rappresentate le associazioni familiari (ad es. Forum delle associazioni familiari, Sindacato delle Famiglie, Associazione nazionale famiglie numerose&#8230;)? Ritiene di istituire un Assessorato alla Famiglia?</p>
<p>in questo modo:</p>
<p>La famiglia – che porta con sè risorse e anche fragilità, e che è elemento primo di coesione della comunità &#8211; è al centro della nostra programmazione: i nostri servizi, dai nidi ai Get, all’assistenza domiciliare, vengono plasmati insieme alle famiglie. Le famiglie hanno bisogno di tempo e di luoghi: per ritrovarsi, per confrontarsi, per trascorrere il tempo libero. Sulla <span style="color: black;">conciliazione degli orari e degli spostamenti casa-lavoro e casa-scuola</span> s<span style="color: black;">tiamo lavorando con risultati incoraggianti, attraverso la Consulta e il Piano appositi: varie importanti istituzioni e aziende hanno intrapreso con noi questo cammino, che svilupperemo. Sul rispetto delle festività religiose e civili siamo inflessibili rispetto alle richieste di apertura commerciale. Quanto ai luoghi, va diffusa la qualità urbana e l’identità riconquistata in centro per mettere a disposizione piazze e parchi agevoli e belli nelle frazioni. In tema di famiglie numerose abbiamo già introdotto, il diritto a un’ulteriore agevolazione di 1.200 euro all’anno sotto forma di detrazione Irpef e tariffe agevolate per il servizio idrico. Per i servizi prescolari abbiamo attivato 11 fasce Isee, che tengono conto anche del numero di figli. Interverremo nella logica della Family card. I poli e l’Osservatorio fungono da luogo di monitoraggio dei bisogni delle famiglie, ma potrà essere utile </span>una Consulta comunale della famiglia alla quale parteciperanno le associazioni, con funzioni consultive e propositive. In questi anni, come sindaco ho coordinato direttamente le politiche per la famiglia, che debbono essere trasversali a tutti i servizi, per questo non ritengo strategico un assessorato apposito.</p>
<p>lo scorso ottobre a Sant&#8217;Ilario, in occasione del decennale del Forum,  il sindaco è stato intervistato dal Giornale di Reggio sempre su questo tema e ha risposto così:</p>
<p>Credo che in giunta ci sia una sensibilità sufficiente per capire l’importanza della famiglia. Sulla consulta mi trovo favorevole, la vedo come un’operazione di collegamento tra la politica e i cittadini. Credo che questa maggioranza sia poco ideologica e si preoccupi di risolvere i problemi tanto per i cassintegrati che per i bisogni delle famiglie. Abbiamo diversi provvedimenti che vanno nella stessa direzione (di Parma NdR). I fatti di Parma li seguo con interesse. E’ chiaro che l’approccio deve essere pragmatico e deve dare facilitazioni alle famiglie, ma anche il pubblico deve avere il suo ritorno, perché non dobbiamo fare politiche che siano soltanto assistenzialistiche. Se qualche cosa di buono e pragmatico dovesse arrivare anche da Parma imparerò volentieri anche da loro.</p>
<p>tratto dall&#8217;intervista di Andrea Zambrano sul Giornale di Reggio del 24 ottobre 2010</p>

<p>Il Sidef collabora con le associazioni di Reggio Emilia all&#8217;organizzazione e proposta dell&#8217;incontro IL BAMBINO INGANNATO (quando politica e società diventano il lupo cattivo) Venerdì 11 aprile 2014, ore 21 Teatro Sant’Agostino &#8211; Reggio Emilia per saperne di più cliccate qui per vedere la locandina &nbsp; &nbsp; Nell’ambito dell’annuale Festincontro organizzata dall’Azione Cattolica reggiana, il Sidef e [&hellip;]</p>
